{"id":1001,"date":"2023-11-22T12:30:38","date_gmt":"2023-11-22T11:30:38","guid":{"rendered":"https:\/\/www.evarugelphotography.de\/shop\/?post_type=product&#038;p=1001"},"modified":"2024-11-15T11:30:24","modified_gmt":"2024-11-15T10:30:24","slug":"heaven-and-earth-himmel-und-erde-eva-rugel-2024-kalender","status":"publish","type":"product","link":"https:\/\/www.evarugelphotography.de\/shop\/produkt\/heaven-and-earth-himmel-und-erde-eva-rugel-2024-kalender\/","title":{"rendered":"Heaven and Earth \/ Himmel und Erde \u2013 <b>Kalender 2024<\/b> 30,5&#215;41,5 cm"},"content":{"rendered":"<div class=\"shop_text\">\n<h3><strong>Heaven and Earth \/ Himmel und Erde<\/strong><\/h3>\n<p><strong>13 Farbfotografien von Eva Rugel<\/strong><br \/>\nPanoramabilder \u2013vertikal! Diese Idee verschiebt den Blick himmelw\u00e4rts. Die Fotografien sind ein im Bild gefrorener Kameraschwenk. Sie zeigen \u00fcber dem konventionellen Sichtfeld hinaus den Himmel bis zur r\u00fcckw\u00e4rtigen Ansicht. Diese m\u00fcndet wieder in den Boden hinter der Fotografin. G\u00e4ngige Wahrnehmungsweisen werden buchst\u00e4blich auf den Kopf gestellt.<br \/>\nDie Motive stammen aus Australien, der Schweiz, dem Schwarzwald, dem Allg\u00e4u, den Niederlanden und Frankreich.<\/p>\n<p><strong>Ma\u00dfe:<\/strong><br \/>\n30,5 x 41,5 cm<br \/>\nSpiralbindung<\/p>\n<p><em>Photographie: Eva Rugel<\/em><br \/>\n<em>Design\/Layout: David Wong<\/em><br \/>\n<em>Druck: Dreisamdruck<\/em><\/p>\n<\/div>\n","protected":false},"excerpt":{"rendered":"<ul>\n<li>13 Motive<\/li>\n<li>deutsches Kalendarium<\/li>\n<li>Intro-Text und Bildbeschreibungen auf englisch<\/li>\n<li>Design von David Wong<\/li>\n<\/ul>\n","protected":false},"featured_media":1003,"template":"","meta":[],"product_brand":[],"product_cat":[46],"product_tag":[65,64,67,66,68],"class_list":{"0":"post-1001","1":"product","2":"type-product","3":"status-publish","4":"has-post-thumbnail","6":"product_cat-kalender","7":"product_tag-calender-2024","8":"product_tag-kalender-2024","9":"product_tag-kalender-farbfotografie","10":"product_tag-kalender-fotografie","11":"product_tag-kalender-himmel-und-erde","12":"pif-has-gallery","14":"first","15":"outofstock","16":"shipping-taxable","17":"purchasable","18":"product-type-simple"},"_links":{"self":[{"href":"https:\/\/www.evarugelphotography.de\/shop\/wp-json\/wp\/v2\/product\/1001","targetHints":{"allow":["GET"]}}],"collection":[{"href":"https:\/\/www.evarugelphotography.de\/shop\/wp-json\/wp\/v2\/product"}],"about":[{"href":"https:\/\/www.evarugelphotography.de\/shop\/wp-json\/wp\/v2\/types\/product"}],"wp:featuredmedia":[{"embeddable":true,"href":"https:\/\/www.evarugelphotography.de\/shop\/wp-json\/wp\/v2\/media\/1003"}],"wp:attachment":[{"href":"https:\/\/www.evarugelphotography.de\/shop\/wp-json\/wp\/v2\/media?parent=1001"}],"wp:term":[{"taxonomy":"product_brand","embeddable":true,"href":"https:\/\/www.evarugelphotography.de\/shop\/wp-json\/wp\/v2\/product_brand?post=1001"},{"taxonomy":"product_cat","embeddable":true,"href":"https:\/\/www.evarugelphotography.de\/shop\/wp-json\/wp\/v2\/product_cat?post=1001"},{"taxonomy":"product_tag","embeddable":true,"href":"https:\/\/www.evarugelphotography.de\/shop\/wp-json\/wp\/v2\/product_tag?post=1001"}],"curies":[{"name":"wp","href":"https:\/\/api.w.org\/{rel}","templated":true}]}}