{"id":483,"date":"2021-11-15T11:15:38","date_gmt":"2021-11-15T10:15:38","guid":{"rendered":"https:\/\/www.evarugelphotography.de\/shop\/?post_type=product&#038;p=483"},"modified":"2022-12-12T09:45:23","modified_gmt":"2022-12-12T08:45:23","slug":"turmfinale-fotografien-doppelkarten-origamibox","status":"publish","type":"product","link":"https:\/\/www.evarugelphotography.de\/shop\/produkt\/turmfinale-fotografien-doppelkarten-origamibox\/","title":{"rendered":"<strong>Turmfinale<\/strong><br\/>Doppelkarten in Origami-Geschenkverpackung"},"content":{"rendered":"<div class=\"shop_text\">\n<h3><strong>Tumfinale<\/strong>Collection<\/h3>\n<p><strong>Der Turm in bunten Originalfarben<\/strong><br \/>\nKlassische und ungew\u00f6hnliche Darstellung aus abwechslungsreichen Perspektiven<\/p>\n<\/div>\n<p>Der Freiburger M\u00fcnsterturm bot pl\u00f6tzlich einen freien Blick auf das Mittelalter, als er im Oktober 2018 zum ersten Mal seit 12 Jahren ohne Ger\u00fcst in die H\u00f6he ragte. Ganz Freiburg feierte diese begl\u00fcckende Ansicht mit einem Wochenende bunter Darbietungen. Nachts leuchtete der M\u00fcnsterturm in allen Farbnuancen von orange bis tiefblau. Dieser Kontrast zwischen ehrw\u00fcrdigem Bauwerk in Sandstein und moderner Beleuchtung der Gegenwart faszinierte auch die Fotografin.<\/p>\n","protected":false},"excerpt":{"rendered":"<h2>Doppelkarten mit gef\u00fctterten Briefumschl\u00e4gen<\/h2>\n<ul>\n<li>Edition von 10 Doppelkarten<\/li>\n<li>mit gef\u00fctterten Umschl\u00e4gen<\/li>\n<li>100% Recyclingpapier<\/li>\n<li>Ungewohnte Ansichten des Freiburger M\u00fcnsters<\/li>\n<li>Schillernde Origamibox ideal als Geschenk<\/li>\n<\/ul>\n","protected":false},"featured_media":686,"template":"","meta":[],"product_brand":[],"product_cat":[40,39],"product_tag":[],"class_list":{"0":"post-483","1":"product","2":"type-product","3":"status-publish","4":"has-post-thumbnail","6":"product_cat-b_doppelkarten","7":"product_cat-c_origami-geschenkverpackung","8":"pif-has-gallery","10":"first","11":"instock","12":"shipping-taxable","13":"purchasable","14":"product-type-simple"},"_links":{"self":[{"href":"https:\/\/www.evarugelphotography.de\/shop\/wp-json\/wp\/v2\/product\/483","targetHints":{"allow":["GET"]}}],"collection":[{"href":"https:\/\/www.evarugelphotography.de\/shop\/wp-json\/wp\/v2\/product"}],"about":[{"href":"https:\/\/www.evarugelphotography.de\/shop\/wp-json\/wp\/v2\/types\/product"}],"wp:featuredmedia":[{"embeddable":true,"href":"https:\/\/www.evarugelphotography.de\/shop\/wp-json\/wp\/v2\/media\/686"}],"wp:attachment":[{"href":"https:\/\/www.evarugelphotography.de\/shop\/wp-json\/wp\/v2\/media?parent=483"}],"wp:term":[{"taxonomy":"product_brand","embeddable":true,"href":"https:\/\/www.evarugelphotography.de\/shop\/wp-json\/wp\/v2\/product_brand?post=483"},{"taxonomy":"product_cat","embeddable":true,"href":"https:\/\/www.evarugelphotography.de\/shop\/wp-json\/wp\/v2\/product_cat?post=483"},{"taxonomy":"product_tag","embeddable":true,"href":"https:\/\/www.evarugelphotography.de\/shop\/wp-json\/wp\/v2\/product_tag?post=483"}],"curies":[{"name":"wp","href":"https:\/\/api.w.org\/{rel}","templated":true}]}}