{"id":652,"date":"2020-09-22T11:59:04","date_gmt":"2020-09-22T09:59:04","guid":{"rendered":"https:\/\/www.evarugelphotography.de\/shop\/?post_type=product&#038;p=652"},"modified":"2022-12-12T09:46:15","modified_gmt":"2022-12-12T08:46:15","slug":"rot-blau-gruen-gelb-collection-doppelkarten-mit-gefuetterten-briefumschlaegen","status":"publish","type":"product","link":"https:\/\/www.evarugelphotography.de\/shop\/produkt\/rot-blau-gruen-gelb-collection-doppelkarten-mit-gefuetterten-briefumschlaegen\/","title":{"rendered":"<strong>Rot Blau Gr\u00fcn Gelb <\/strong>Collection<br\/>Doppelkarten in Origami-Geschenkverpackung"},"content":{"rendered":"<div class=\"shop_text\">\n<h3><strong>Rot Blau Gr\u00fcn Gelb<\/strong> Collection<\/h3>\n<p><strong>Doppelkarten mit gef\u00fctterten Briefumschl\u00e4gen<\/strong><\/p>\n<\/div>\n<p>Bei der dieser Edition handelt es sich um Aufnahmen von Glasfenstern in der Antoniuskirche, Basel. Die Fenster sind unscharf fotografiert, um das Ineinander der Farben besser zur Geltung zu bringen, das die Fotografin begeistert hat.<\/p>\n<p>Die Fenster wurden von den K\u00fcnstlern Otto Staiger (1894-1967) und Hans Stocker (1896-1983) geschaffen, die Mitglied der expressionistischen K\u00fcnstlergruppen Rot-Blau waren. Sie geh\u00f6rten zum Freundeskreis des Malers und Bildhauers Herrmann Scherer, der Mitbegr\u00fcnder der Vereinigung Rot-Blau war.<\/p>\n<p>Diese Kartenedition erscheint anl\u00e4sslich einer Ausstellung im Freiburger Museum f\u00fcr Neue Kunst, die dem Expressionisten Scherer gewidmet ist.<\/p>\n","protected":false},"excerpt":{"rendered":"<h2>Doppelkarten mit gef\u00fctterten Briefumschl\u00e4gen<\/h2>\n<ul>\n<li>Edition von 10 Doppelkarten<\/li>\n<li>F\u00fcnf verschiedene Motive<\/li>\n<li>gedruckt auf Papier aus nachhaltiger Waldbewirtschaftung (PEFC zertifiziert)<\/li>\n<li>Motive einer Spurensuche zu Hermann Scherer (1893-1927)<\/li>\n<\/ul>\n","protected":false},"featured_media":682,"template":"","meta":[],"product_brand":[],"product_cat":[40],"product_tag":[],"class_list":{"0":"post-652","1":"product","2":"type-product","3":"status-publish","4":"has-post-thumbnail","6":"product_cat-b_doppelkarten","7":"pif-has-gallery","9":"first","10":"instock","11":"shipping-taxable","12":"purchasable","13":"product-type-simple"},"_links":{"self":[{"href":"https:\/\/www.evarugelphotography.de\/shop\/wp-json\/wp\/v2\/product\/652","targetHints":{"allow":["GET"]}}],"collection":[{"href":"https:\/\/www.evarugelphotography.de\/shop\/wp-json\/wp\/v2\/product"}],"about":[{"href":"https:\/\/www.evarugelphotography.de\/shop\/wp-json\/wp\/v2\/types\/product"}],"wp:featuredmedia":[{"embeddable":true,"href":"https:\/\/www.evarugelphotography.de\/shop\/wp-json\/wp\/v2\/media\/682"}],"wp:attachment":[{"href":"https:\/\/www.evarugelphotography.de\/shop\/wp-json\/wp\/v2\/media?parent=652"}],"wp:term":[{"taxonomy":"product_brand","embeddable":true,"href":"https:\/\/www.evarugelphotography.de\/shop\/wp-json\/wp\/v2\/product_brand?post=652"},{"taxonomy":"product_cat","embeddable":true,"href":"https:\/\/www.evarugelphotography.de\/shop\/wp-json\/wp\/v2\/product_cat?post=652"},{"taxonomy":"product_tag","embeddable":true,"href":"https:\/\/www.evarugelphotography.de\/shop\/wp-json\/wp\/v2\/product_tag?post=652"}],"curies":[{"name":"wp","href":"https:\/\/api.w.org\/{rel}","templated":true}]}}